et u(b) = 174*b + 26. Is u(2) a multiple of 9?
False
Let o(y) = -y**3 + 3*y**2 + y + 3. Let l be o(4). Let v = 0 - l. Suppose 4 = -4*q - 5*i, 5*q = -v*i + 4*i. Does 2 divide q?
True
Suppose 2*c - 4 - 16 = 0. Suppose -5*b + q + c = 6*q, 2*b + 4*q - 2 = 0. Suppose p = b*p - 68. Is p a multiple of 30?
False
Suppose -i + 30 = 7. Suppose i + 16 = l. Suppose t - 18 = l. Does 19 divide t?
True
Let n be (-1 + 0)/((-1)/14). Suppose 5*t = -15, 5*g = -4*t + 194 + n. Does 11 divide g?
True
Suppose 53 = 2*q - 23. Suppose a - 6*a = -2*f - 43, -2*f + q = 4*a. Is 4 a factor of a?
False
Let j(s) be the second derivative of s**4/12 + 17*s**3/6 - s**2/2 - 18*s. Is j(-20) a multiple of 6?
False
Let k be 8 - (-7 - 2)/3. Suppose 0 = 2*i - 39 - k. Is 6 a factor of i?
False
Let u(y) = 25*y - 315. Is u(22) a multiple of 14?
False
Suppose 6*n + 52 = 7*n. Suppose -4 = -2*m + n. Is m a multiple of 14?
True
Suppose -19*q + 910 = -14*q. Suppose 0 = 4*x + 5*w - q, 0 = -x + 3*w + 2*w + 58. Is 6 a factor of x?
True
Suppose -3*o - 4*j = -60, -3*o = -2*j - 1 - 41. Is o a multiple of 14?
False
Let k = 332 + -120. Does 27 divide k?
False
Does 27 divide (9 + (-336)/36)*-3*207?
False
Suppose 4*h - 4*o = o + 1128, 1397 = 5*h - 3*o. Let w = 75 + 120. Let a = h - w. Is a a multiple of 28?
False
Let m(a) = 14*a**2 + 32*a + 107. Is m(-7) a multiple of 14?
False
Let y = -3402 - -6122. Is 10 a factor of y?
True
Let t(f) = -2*f + 17. Suppose 6*c - 12 = 4*c. Is 2 a factor of t(c)?
False
Suppose 126 = -4*f - 82. Does 24 divide (-1444)/(-10) - f/(-130)?
True
Let u(o) be the second derivative of o**4/12 - 2*o**3/3 + o**2 + 6*o. Let b be u(4). Suppose -3*a + b*a = 1, -3*k + 2*a + 170 = 0. Does 28 divide k?
True
Suppose -17*n = -12*n - 5. Let y be n/(-4*1/(-8)). Suppose -2*b + 48 = y*b. Is b a multiple of 5?
False
Let t(y) = 11*y**2 + y - 3. Let m be t(-5). Let z = m - 144. Is 41 a factor of z?
True
Suppose -5*y + 14*c = 15*c - 1878, 1870 = 5*y + 5*c. Is y a multiple of 49?
False
Let t(w) = w**2 - 7*w + 3. Let s be t(5). Let h be s + -4*(-1)/2. Is 3 a factor of (-4)/(((-40)/(-44))/h)?
False
Is 2 - (-18)/(-12) - 1250/(-4) a multiple of 74?
False
Let h(g) = 14*g + 23. Is h(15) a multiple of 6?
False
Let k = -10 + 13. Suppose -k*a + 4 = -44. Is a even?
True
Let r(u) = 99*u - 151. Does 2 divide r(2)?
False
Let h = -434 + 742. Is 44 a factor of h?
True
Suppose 0*m = 3*k - m - 345, 9 = 3*m. Let w = -82 + k. Suppose -5*n = v - w - 7, -n + 46 = 2*v. Does 7 divide v?
True
Suppose -4*s + 7 = 2*v - 3, 3*v - 15 = 0. Suppose -j - 3*h + 34 = 0, s*j - 3*h - 58 = -j. Is j a multiple of 15?
False
Let o(m) be the second derivative of -m**5/20 + 11*m**4/12 - 2*m**3/3 + 3*m**2 + 5*m. Is 22 a factor of o(10)?
True
Suppose -m + 97 = 3*q - 2*m, 3*m = 3*q - 99. Suppose -5*h - q = -v - 3*v, 4*h + 25 = 3*v. Is 3 a factor of v?
True
Suppose -2*c - 8 = -6*c. Let u be (c - 4)/((-1)/2). Suppose -u*w = -i + 106, -i - 2*w = -4*i + 278. Does 20 divide i?
False
Let c = -21 + 13. Let l(v) = -v**3 - 6*v**2 - 3*v. Is 38 a factor of l(c)?
True
Let t = 1422 + -762. Is 22 a factor of t?
True
Let j be 12*2*1/8. Suppose -36 = -j*l + l. Suppose 54 = 3*z - l. Is 12 a factor of z?
True
Let g(u) be the third derivative of -u**4/24 + 11*u**3/6 - 8*u**2. Is 14 a factor of g(-10)?
False
Let y be (9/6)/(2/8). Let g(m) = -m + y + 2 + 0 - 1. Does 8 divide g(-5)?
False
Let k = 420 + -175. Is 7 a factor of k?
True
Suppose -2936 = 9*d - 9110. Does 14 divide d?
True
Suppose -30 = -7*l + 5*l. Let a be -32*(0 + l/(-6)). Does 32 divide (60/50)/(3/a)?
True
Let j(w) = 2 - w - w - 17*w**2 + w**3 + 4*w. Is j(17) a multiple of 9?
True
Let h(p) be the first derivative of -p**4/4 + 5*p**3/3 - 2*p**2 + 3*p - 8. Let o be h(4). Suppose -w + 49 = 4*f, -o*f - 122 = -2*w - 5*f. Is 20 a factor of w?
False
Let u = 221 - 196. Does 3 divide u?
False
Let y(k) be the second derivative of k**4/6 - 7*k**3/6 + 3*k**2/2 - 12*k. Let s be y(5). Suppose -v - 66 - s = -5*b, -48 = -4*b - 4*v. Does 16 divide b?
True
Suppose -5*c = 5*g + 265, 3*g + 7*c + 154 = 3*c. Let b(p) = 7*p - 5. Let t be b(-5). Let l = t - g. Is 6 a factor of l?
True
Suppose f = -2*f + 24. Suppose 2*i = -f*i + 130. Does 5 divide i?
False
Suppose -20*o = -19*o - 6. Let u = -2 + o. Suppose 20 = u*k, 5*k = -4*h + 132 + 93. Does 21 divide h?
False
Suppose 80 = -18*c + 458. Is c a multiple of 21?
True
Suppose 0 = 5*h + 14 - 44. Suppose 2*n - 5*p - 41 = 0, 2*p + 113 = -n + h*n. Does 8 divide (3 - -1) + (n - 3)?
True
Suppose -m + 2*t = -756, -338 = -m + 3*t + 419. Does 29 divide m?
True
Let i(a) = -3*a**2 + 5*a + 32. Let m be i(4). Let g be (-3)/12 + 5/4. Is g*(m + (-1 - -8)) a multiple of 4?
False
Let k(u) = -28*u - 3. Let o be k(-9). Let q be 0*((-6)/(-3))/2. Suppose q = -5*y + o - 29. Does 22 divide y?
True
Let b = 15 - 12. Suppose 3*w - 985 = -175. Suppose b*q = -2*q + w. Does 16 divide q?
False
Let q(i) = -i**2 - 10*i + 5. Suppose -2 + 6 = b. Let n be 4/((-3)/(b - -2)). Is 12 a factor of q(n)?
False
Suppose 4*c + 5*t - 36 = 0, -6*c + 5*t - 12 = -4*c. Suppose -g + 223 = 4*k - 0*k, -3*k = c*g - 164. Is 7 a factor of k?
True
Let k(t) = 9*t**2 + 21*t - 6. Is k(-13) a multiple of 69?
True
Suppose 2200 = 8*a - 392. Suppose -2*o + a = 4*o. Is 3 a factor of o?
True
Suppose 4*d = -121 - 1247. Let b = 519 + d. Is b a multiple of 15?
False
Let c be ((-12)/(-14))/(2/7). Suppose 0*z - 4 = g - 2*z, 3*g = 3*z + c. Let p = 9 + g. Does 5 divide p?
True
Let o(d) = -4*d + 163. Does 26 divide o(21)?
False
Let w(y) = -y**2 - 11*y - 21. Let o be w(-5). Suppose -509 + o = -2*u - 4*r, 5*r = 2*u - 500. Is u a multiple of 25?
True
Let g be -3 + 2 - (7 + -11). Suppose g*f - 75 = 45. Is 10 a factor of f?
True
Let o(f) be the third derivative of -1/24*f**4 + 4*f**2 + 1/60*f**5 + 0*f - 5/6*f**3 + 0. Is o(5) a multiple of 5?
True
Let x(m) = m - 15. Let u be x(14). Is 2/(u*2/(-134)) a multiple of 22?
False
Let y = -13 + 15. Suppose -4*q = -3*d + 7 + 265, -2*d = -y*q - 184. Is 24 a factor of d?
True
Let w be (-4)/(-14) - (-514)/14. Let c = 11 + w. Does 8 divide c?
True
Let l(p) = -p**3 + 34*p**2 - 17*p. Is 13 a factor of l(33)?
False
Suppose -5*p = -3*n - 2*n - 6935, -n - 5560 = -4*p. Does 28 divide p?
False
Suppose 4*d - 5*q - 31 - 15 = 0, 3*q + 6 = 0. Suppose 2*c = c + d. Does 3 divide c?
True
Let o = 6 + -2. Suppose -o*v = -5*x + 116 + 124, -x + 48 = 3*v. Suppose 5*m = 2*m - 5*l + 10, -2*l - x = -4*m. Does 6 divide m?
False
Suppose 440 = 2*v + 4*k, -9*v - 436 = -11*v - 3*k. Is 15 a factor of v?
False
Suppose -4*y + 8*y - 3220 = 0. Does 79 divide y?
False
Suppose 0*t = -2*t - 5*d + 85, 0 = d + 3. Let z = -11 + t. Does 39 divide z?
True
Let c(y) = 66*y + 9. Let q be c(5). Suppose -15 = 5*v, 5*u - u = v + q. Does 28 divide u?
True
Let l(n) = -8*n + 7. Does 10 divide l(-9)?
False
Let l be ((-10)/(-15))/((-2)/(-12)). Does 18 divide (-1 - 25)/((-2)/l)?
False
Suppose 4*k + 32 = 6*k. Suppose -1080 = 7*v - k*v. Is v a multiple of 20?
True
Let b = 5 - -209. Let s = b + -124. Does 15 divide s?
True
Let h be (0 - 0)/(3 - 1). Suppose -q + 0 - 3 = h. Is 21 a factor of (-97)/q*(3 - 0)?
False
Let b be 0/((2 + -6)/(-4)). Suppose -4*w + 12 = l - 119, 3*l + 3 = b. Is 5 a factor of w?
False
Suppose -2*g + 621 = 2*s - 5333, -7*g - s = -20851. Is 15 a factor of g?
False
Is 5 a factor of 4/(-6)*9 + 176?
True
Let z(w) = -37*w - 21. Let h be z(-3). Let o = -54 + h. Is o a multiple of 9?
True
Let v = -1742 + 2506. Is 46 a factor of v?
False
Let w be 84/22 - 4/(-22). Let v = 87 + -29. Suppose c - w*u = v, -u = c - 4*u - 55. Is c a multiple of 20?
False
Let x(d) = -d**3 + 3*d**2 - 6*d - 1. Let v be x(-4). Let a = 279 - v. Is 9 a factor of a?
True
Suppose 3*h - 18 = 12. Let v be (-2 - -4)*(-1 + h). Suppose -b + v = -18. Does 18 divide b?
True
Does 53 divide (-6054)/(-15) + 6/15?
False
Let g(y) = y**3 + 3*y**2 - 12*y - 6. Let l be g(-5). Is 7 a factor of 8071/77 + l/22?
True
Let f = -4 - -2. Let b(k) = -4*k - 2 + 0 - 13*k. Is b(f) a multiple of 8?
True
Let t(p) = -4*p. Let g be t(-2). Suppose -g = 5*n + 4*j - 246, -j = 3. Does 20 divide n?
False
Let u be 1/(-2*(-2)/960). Suppose -5*k = -0*k - u. Is k a multiple of 24?
True
Suppose 3*u = -3*a - 6, -5*a + 6 = -0*u + u. Suppose a*y + 5*x + 81 = 0, -y + 2*x - 44 = x. Let p = -15 - y. Is 14 a factor of p?
True
Let f(d) =